* [xen-unstable-smoke test] 158205: regressions - FAIL
@ 2021-01-06 13:52 osstest service owner
0 siblings, 0 replies; only message in thread
From: osstest service owner @ 2021-01-06 13:52 UTC (permalink / raw
To: xen-devel, osstest-admin
flight 158205 xen-unstable-smoke real [real]
http://logs.test-lab.xenproject.org/osstest/logs/158205/
Regressions :-(
Tests which did not succeed and are blocking,
including tests which could not be run:
build-amd64 6 xen-build fail REGR. vs. 158134
test-armhf-armhf-xl 8 xen-boot fail REGR. vs. 158134
Tests which did not succeed, but are not blocking:
build-amd64-libvirt 1 build-check(1) blocked n/a
test-amd64-amd64-libvirt 1 build-check(1) blocked n/a
test-amd64-amd64-xl-qemuu-debianhvm-amd64 1 build-check(1) blocked n/a
test-arm64-arm64-xl-xsm 15 migrate-support-check fail never pass
test-arm64-arm64-xl-xsm 16 saverestore-support-check fail never pass
version targeted for testing:
xen edf5b22022aea0a76eaeb36cc060d984340e1e18
baseline version:
xen 7ba2ab495be54f608cb47440e1497b2795bd301a
Last test of basis 158134 2021-01-04 15:01:26 Z 1 days
Failing since 158142 2021-01-05 02:00:25 Z 1 days 9 attempts
Testing same since 158174 2021-01-05 22:00:25 Z 0 days 5 attempts
------------------------------------------------------------
People who touched revisions under test:
Andrew Cooper <andrew.cooper3@citrix.com>
Bertrand Marquis <bertrand.marquis@arm.com>
Jan Beulich <jbeulich@suse.com>
Manuel Bouyer <bouyer@antioche.eu.org>
Marek Marczykowski-Górecki <marmarek@invisiblethingslab.com>
Olaf Hering <olaf@aepfle.de>
Roger Pau Monne <roger.pau@citrix.com>
Roger Pau Monné <roger.pau@citrix.com>
Stefano Stabellini <sstabellini@kernel.org>
Wei Liu <wl@xen.org>
jobs:
build-arm64-xsm pass
build-amd64 fail
build-armhf pass
build-amd64-libvirt blocked
test-armhf-armhf-xl fail
test-arm64-arm64-xl-xsm pass
test-amd64-amd64-xl-qemuu-debianhvm-amd64 blocked
test-amd64-amd64-libvirt blocked
------------------------------------------------------------
sg-report-flight on osstest.test-lab.xenproject.org
logs: /home/logs/logs
images: /home/logs/images
Logs, config files, etc. are available at
http://logs.test-lab.xenproject.org/osstest/logs
Explanation of these reports, and of osstest in general, is at
http://xenbits.xen.org/gitweb/?p=osstest.git;a=blob;f=README.email;hb=master
http://xenbits.xen.org/gitweb/?p=osstest.git;a=blob;f=README;hb=master
Test harness code can be found at
http://xenbits.xen.org/gitweb?p=osstest.git;a=summary
Not pushing.
(No revision log; it would be 432 lines long.)
^ permalink raw reply [flat|nested] only message in thread
only message in thread, other threads:[~2021-01-06 13:52 UTC | newest]
Thread overview: (only message) (download: mbox.gz follow: Atom feed
-- links below jump to the message on this page --
2021-01-06 13:52 [xen-unstable-smoke test] 158205: regressions - FAIL osstest service owner
This is a public inbox, see mirroring instructions
for how to clone and mirror all data and code used for this inbox;
as well as URLs for read-only IMAP folder(s) and NNTP newsgroup(s).